) = r**2 + 4*r + 5. What is the remainder when x is divided by b(-6)?
15
Calculate the remainder when (-160)/16*25/(-2) is divided by 32.
29
Suppose -20*m + 16*m = -96. What is the remainder when 84 is divided by m?
12
Let c = 9 - 6. Let l = c - 0. Suppose h = -l*h + 12. What is the remainder when 4 is divided by h?
1
Let r = -7 - -10. Let u(n) = 3*n + 3. Calculate the remainder when 21 is divided by u(r).
9
Suppose -5*a + 24 = -8*a. Let q = 1 - a. What is the remainder when -52*((-10)/4 - -2) is divided by q?
8
Let a be 89 - ((-2 - -2) + -1). Let b = 132 - a. What is the remainder when b is divided by 22?
20
Let s = -9 + 10. What is the remainder when s*(-4)/8*-52 is divided by 14?
12
What is the remainder when 149 is divided by 2*310/16 + 3/(-4)?
35
Let h(c) = 12*c**2 + c + 1. Calculate the remainder when h(-1) is divided by 1*(-28)/12*-3.
5
Suppose -11*n + 13*n = 30. What is the remainder when 36 is divided by n?
6
Let b = -38 - -43. Let q be 2/(-3) + 4/6. Let w(h) = -h + 9. Calculate the remainder when w(q) is divided by b.
4
Suppose 2*m - 6*m - 336 = 0. Let l = m - -153. What is the remainder when l is divided by 18?
15
Let x = 4 + -2. Let w(b) = b**3 + 5*b**2 + 4. Let k be w(-5). Let f = -3 + k. Calculate the remainder when x is divided by f.
0
Suppose -6 = f - 19. Suppose 0*d = 5*d - 185. Calculate the remainder when d is divided by f.
11
Suppose -8 = 2*x - 2*z - 3*z, 5 = x + 2*z. Let q(v) = 11*v. What is the remainder when 30 is divided by q(x)?
8
Suppose 4*k - 110 = -k. Calculate the remainder when 86 is divided by k.
20
Let d = 59 - 46. Calculate the remainder when 152 is divided by d.
9
Let b(n) = -n**2 + 11*n - 6. Calculate the remainder when 43 is divided by b(7).
21
Let z = 32 - 10. Calculate the remainder when z is divided by 15.
7
Let p(d) = -d**2 + 5*d - 18. Let w be p(8). Let q = 61 + w. Calculate the remainder when q is divided by 11.
8
Let p(r) = r**2 - 3*r - 5. Let q(i) = -i**2 - 2*i + 1. Let f be q(-3). Calculate the remainder when p(6) is divided by (-6 - (3 + f))*-1.
6
Let o(w) = w - 4. What is the remainder when o(6) is divided by (-4)/(-16)*2*2?
0
Let n(h) = h**3 - 8*h**2 + 7*h - 11. Let s(w) = -w**3 - 11*w**2 - 12*w + 3. What is the remainder when n(8) is divided by s(-10)?
22
Let f(z) = -z**2 - 4*z + 3. Suppose -2*p - 3*p = 20. What is the remainder when f(p) is divided by 2?
1
Suppose 18*q - 203 = 11*q. What is the remainder when 144 is divided by q?
28
Let h = 140 + -130. Calculate the remainder when 29 is divided by h.
9
Let l(q) = -q**2 - 8*q - 3. Let c = 2 + 5. What is the remainder when l(-5) is divided by c?
5
Suppose -4*u + 0*u = 5*m - 261, -3*m = 9. What is the remainder when u is divided by 36?
33
Let l be 3/5 + (-12)/(-5). Suppose 0 = 3*d - l*a + 6*a - 84, -a = -2*d + 50. Calculate the remainder when d is divided by 9.
8
Suppose -3*p = -3*h, -2*h + 3*h = -p. Suppose u - 4*j - 27 = p, 0*u - u = -2*j - 29. What is the remainder when u is divided by 8?
7
Let u = 0 + 94. What is the remainder when u is divided by 24?
22
Suppose 0 = -c - 4, 3*z + 4*c + 3 + 1 = 0. What is the remainder when 7 is divided by z?
3
Suppose 3*j = -4*a, -4*j = 3*a + a. Suppose 2*m + j*m - 5*d = 0, 0 = -3*m - 5*d + 25. What is the remainder when m is divided by (2 + 0)/2*3?
2
Let g be (-3*12/9)/(-1). Suppose j - 55 = -g*j. Calculate the remainder when 31 is divided by j.
9
Suppose 80 = 10*c - 6*c. Calculate the remainder when c is divided by 11.
9
Calculate the remainder when 64 - (2/3)/(4/(-18)) is divided by 24.
19
Let g = 83 - 47. Suppose -x + 105 = 5*k + 4*x, -2*k = -4*x - 30. Calculate the remainder when g is divided by k.
17
Suppose -q + 0*q = 0. Suppose q = -2*r + 2*f - 5*f + 29, -3*r = -3*f - 6. What is the remainder when r is divided by 2?
1
Suppose 566 + 44 = -5*n - 3*v, 5*v = -2*n - 225. Let a = -71 - n. Calculate the remainder when a is divided by 14.
12
Let r = -2 - -6. Suppose -63 = v - r*v. What is the remainder when 41 is divided by v?
20
Suppose 5*b - 727 = -182. What is the remainder when b is divided by 22?
21
Let z = 59 + 135. Suppose -4*l = -26 - z. Let r = l + -26. Calculate the remainder when r is divided by 10.
9
Calculate the remainder when 63 - ((-12)/3)/2 is divided by 22.
21
Let j(g) be the first derivative of 11*g**3/3 + 1. Suppose 5 = 6*r - r. Calculate the remainder when 20 is divided by j(r).
9
Let h(w) = -11*w - 8. Let s(j) = 5*j + 4. Let n(f) = -3*h(f) - 7*s(f). Let m = 4 + 13. Calculate the remainder when m is divided by n(-5).
5
Suppose -109 + 4 = -5*o. Suppose -j + 6*y = y - 8, -40 = -5*j - 3*y. Let i = j - -32. Calculate the remainder when i is divided by o.
19
Suppose -l = -3*l + 94. What is the remainder when l is divided by 12?
11
Let p(l) = -l**3 + 10*l**2 - 7*l - 9. Let b(h) = -2*h + 3. Let i be b(-3). What is the remainder when p(i) is divided by 5 + 2/(-2) - -1?
4
Calculate the remainder when 52 is divided by 7/(2/(8 - 4)).
10
Suppose -5*r + 2*d + 53 + 32 = 0, -4*r + 3*d + 68 = 0. What is the remainder when 29 is divided by r?
12
Suppose 0 = f - 17 - 9. Suppose f = 6*x - 4*x. What is the remainder when 37 is divided by x?
11
Suppose -3*l - 6 = -4*l. Let n(o) = o**3 + 8*o**2 + 11. What is the remainder when n(-8) is divided by l?
5
Suppose 0 = -4*n + 5*l, -5*n + 31 + 14 = 5*l. Suppose -5*q - n - 15 = 0. What is the remainder when (q/(-4))/((-1)/(-53)) is divided by 18?
17
Suppose -4*o = 2*p - 5*o - 55, -3*o + 95 = 4*p. What is the remainder when 50 is divided by p?
24
What is the remainder when 231 is divided by 25 + (-3 + 4)/(7/7)?
23
Let s(m) = -m + 6. Let b = 16 - 10. What is the remainder when b is divided by s(4)?
0
Calculate the remainder when 33 is divided by 1 - (-2 - (0 + 2))*4.
16
Suppose 38 = 4*o + 10. Suppose 2*n + 2*q = 16, -13 = -n - 2*q - 8. What is the remainder when n is divided by o?
4
Let k(y) be the second derivative of -y**4/12 - 5*y**3/6 + y**2/2 - 4*y. Suppose 3 = -4*q - 13. Calculate the remainder when 8 is divided by k(q).
3
Let j(h) = -h**2 + 11*h + 3. Suppose 3*o = o + 5*c + 37, 47 = 4*o - c. Calculate the remainder when j(o) is divided by (-1)/((-2)/(-4))*-1.
1
Let b(m) = m**3 - 5*m**2 - 5. Let c be b(5). Let p(z) = -2*z - 1. Suppose 8*s - 3*s - 25 = 0. What is the remainder when p(c) is divided by s?
4
Suppose 69 = -y + 4*y - p, 0 = 5*y - 3*p - 119. What is the remainder when y is divided by 9?
4
Let o be 3*(-1 - (-1)/(-3)). Let f(a) = -a**3 + 5*a**2 + 7*a + 1. What is the remainder when f(6) is divided by 16/6*(-6)/o?
3
Let o(p) = 5*p - 7. Let q = -3 - -11. What is the remainder when o(q) is divided by 12?
9
Let u(a) = 2 + 2*a - 3 + 0*a**2 + 11*a**2. Let q be u(-2). Suppose -2*b = -4*r, 2*b + 9 = -2*r + q. What is the remainder when 29 is divided by b?
9
Let o be ((-1)/(-2) + -1)*-8. Suppose -7*c = -o*c - 54. What is the remainder when 34 is divided by c?
16
Suppose -13 = b + 5*r - 2*r, 4*b + 22 = -2*r. Let t = b + 12. Let n(z) = -z - 3. What is the remainder when t is divided by n(-6)?
2
Suppose v + 5*j + 11 = 0, -5*v - 2*j + 23 = 9. Let n = 142 + -128. What is the remainder when n is divided by v?
2
Let h = -4 - -18. Let o(f) = 5*f + 6. Calculate the remainder when o(7) is divided by h.
13
Let p(x) = -4*x + 1. Let a = 5 + -8. What is the remainder when 38 is divided by p(a)?
12
Suppose 3*l - 3*s - 54 = 0, 5*l - 84 = s - 2*s. Suppose 3*x = -2 + 20. Calculate the remainder when l is divided by x.
5
Suppose 5*q = 0, -5*w = q + 4*q - 55. What is the remainder when 20 is divided by w?
9
What is the remainder when (-31)/155 - (-1)/(5/266) is divided by 18?
17
Suppose -5*v + 318 = 58. Calculate the remainder when v is divided by 18.
16
Suppose -113 = -5*q - 2*u, -10 = -q - 2*u + 11. Calculate the remainder when 90 is divided by q.
21
Let n = 101 + -44. Calculate the remainder when n is divided by 23.
11
Let c = -8 - -11. Suppose 0 = c*q - 4*h - 2, -h = 3*q - 1 - 6. Suppose -2*s - 2 + 18 = q*d, 4*s = -d + 35. What is the remainder when 26 is divided by s?
8
Let o = 36 - 26. What is the remainder when o is divided by (1 - -1)/(1/2)?
2
Suppose 7*v + 0 = 98. Let b(x) = -76*x**2. Let t be b(1). Let f = 117 + t. Calculate the remainder when f is divided by v.
13
Suppose 2*l = 8*l - 102. What is the remainder when 151 is divided by l?
15
Suppose -q - 3*q = 0. Suppose s